x - -2. What is the units digit of o?
6
Let k(p) be the second derivative of p**5/20 - p**4/12 - p**3/3 - 2*p**2 + 42*p. Let g = 1 + 2. What is the units digit of k(g)?
8
Let h(u) = 53*u + 223. What is the tens digit of h(17)?
2
Let u(b) = b**3 + 4*b**2 + b - 4. Let y be u(-3). Suppose -42 + 262 = -y*f - 2*m, 2*m = -3*f - 333. Let j = f + 160. What is the units digit of j?
7
Let i(a) = -10*a - 129. What is the units digit of i(-40)?
1
Let i be (-30)/(-14) + 3/(-21). Suppose 0 = -i*a + 4*a - 192. What is the units digit of a?
6
Let k(u) = 3*u**2 - 5*u. Let y be ((-4)/(-5))/(10/(-50)). What is the tens digit of k(y)?
6
Let y(s) = 1 + 2 - 190*s**2 + 345*s**2 - 5 + s. What is the units digit of y(1)?
4
Let a = -69 - -78. What is the tens digit of (-62)/(-4) - ((-108)/8)/a?
1
Suppose 178 = 3*h + 61. Suppose 3*t - 21 = h. Suppose 0 = 7*w - 6*w - t. What is the tens digit of w?
2
Suppose 16*v - r - 3406 = 11*v, -r = v - 686. What is the tens digit of v?
8
Let n(f) = 57*f**3 - f**2 - f - 4. Let s(y) = -172*y**3 + 3*y**2 + 3*y + 11. Let g(r) = -17*n(r) - 6*s(r). What is the tens digit of g(1)?
6
Let l be ((-12)/(-14))/(5/(-560)). Let g = l + 159. What is the tens digit of g?
6
Let b(t) = 2*t**2 + 12*t + 13. Let j = 3 - 11. Let c be ((-14)/8)/(j/(-32)). What is the tens digit of b(c)?
2
Let l = -241 + 97. Let o = -75 - l. What is the tens digit of o?
6
Let b(u) = -u + 3*u**2 + 4*u**2 - 5*u**2. Let m = 874 - 877. What is the units digit of b(m)?
1
Suppose 11*c - 16419 = -28*c. What is the tens digit of c?
2
Let c = 1852 + -1066. What is the units digit of c?
6
Suppose 8*w - 9*w = -17. Suppose -2*v + 16 + 5 = h, -v = -5*h + w. What is the units digit of v?
8
Let y = -376 - -747. What is the hundreds digit of y?
3
Suppose 3650 = 10*t - 10940. What is the hundreds digit of t?
4
Suppose -2*w = -0*w. Suppose w = 8*d - 5*d - 141. What is the units digit of d?
7
Let h(a) = a**2 + 9*a + 21. Let v be h(-6). Suppose -t + 92 = 5*g - 3*t, -v*t - 48 = -3*g. What is the units digit of g?
0
Let b be 1 - 6/8 - 561/(-12). Let f = 102 - b. What is the units digit of f?
5
Suppose 453 = u + 5*m + 149, -5*u + 1457 = 4*m. What is the units digit of u?
9
Let g = 20 - 15. Suppose 0 = g*y - 896 + 176. What is the tens digit of 254/9 - 32/y?
2
Let l(s) = 2*s. Let k(q) = -10*q + 18. Let i(p) = k(p) - 12*l(p). What is the units digit of i(-7)?
6
Let x = 153 - -28. Suppose -x = -2*l + 7*m - 2*m, 274 = 3*l - 5*m. What is the units digit of l?
3
Let v = 6 - 3. Suppose 3*c + 11 = -5*p, -v*p + c - 2 = p. What is the units digit of 0 + p - 40*-1?
9
Suppose -209 = -6*p + 7. What is the units digit of 4*8/16 + (p - -1)?
9
Let s be -4 - -10*(-63 - -2). What is the hundreds digit of s/(-6) + 2/3?
1
Suppose -2*n + 3*x = -6*n + 3197, 0 = -n + 2*x + 802. What is the tens digit of n?
0
Let j be (-2)/(-5) - 14*2487/(-30). Suppose -48*u + 39*u = -j. What is the tens digit of u?
2
Suppose -5*d + 12*d = 616. Suppose 5*o + d = a, -6*a + 2*a + 333 = -o. What is the units digit of a?
3
Suppose 0 = -5*x + 2*x - 2*h + 1320, 0 = -4*x - 3*h + 1760. What is the units digit of x?
0
Suppose 0 = 4*p + 220 - 732. Let t = 213 - p. What is the tens digit of t?
8
Let m(q) = 29*q + 24. Let a(v) = -10*v - 8. Let l(p) = -17*a(p) - 6*m(p). Let i be l(4). What is the tens digit of (-804)/(-14) - i/(-56)?
5
What is the units digit of 1504/26 - -3*(-4)/(-78)?
8
Let k(u) = 4*u - 32. Let p be k(9). What is the units digit of -2 + 34 + p + -3?
3
Suppose 3*j = 5*k - 42, -k - 8 = -3*k - j. Suppose -9*f + 147 = -k*f. What is the units digit of f?
9
Suppose 0 = -17*k + 990 + 36648. What is the thousands digit of k?
2
Suppose -6*f = -f + 75. Let z = -21 - f. What is the units digit of 4/z - (-124)/6?
0
Suppose 6*j - 9*j = -237. What is the units digit of j?
9
Suppose 5*k - m - 25 = -1, -3*k + 28 = -4*m. Suppose -2*y = -k*c - 206, 4 = c - 2*c. What is the tens digit of y?
9
Let d = 4 + -11. Let r = 9 + d. What is the units digit of (-6)/r + (-42)/(-2)?
8
Let s(m) = -m**3 + 46*m**2 - 67*m + 33. What is the tens digit of s(44)?
5
Let p be 8/14 - 36/(-84). Let g(x) = 35*x**2 + 4*x + 6. Let t be g(-4). What is the tens digit of (p/2)/(11/t)?
2
Suppose 5*p + 3*l = 69, 5*l + 23 = 3*p + 2. Suppose 0 = q + 2*q - p. What is the units digit of q?
4
Let z(j) = 4*j - 11. Let y be z(10). Suppose 5*v - i = y, -4*i + 12 = -2*v + 38. Suppose 155 + 30 = v*m. What is the units digit of m?
7
Suppose 3 + 7 = 5*x - 5*k, -k = 4. Let r be x/4*90/(-5). Suppose r + 0 = u. What is the units digit of u?
9
Let v be 110/4*16/20. Suppose 47*p - 53*p = 18. Let x = v + p. What is the units digit of x?
9
What is the tens digit of (1 + 644/(-20))/(2/(-25))?
9
Suppose 0 = -3*b + 590 + 106. What is the units digit of b?
2
Let f(y) = -39*y + 24. Let z be f(-7). Let q = z + -170. What is the tens digit of q?
2
What is the tens digit of (-15)/(-3) + (-640)/(-24)*177?
2
Suppose -12*s - 42 = -v - 9*s, s = 0. Let n be -1*1*0/3. Suppose n*o + 2*o - v = p, 50 = 3*o + 5*p. What is the tens digit of o?
2
Let q = -5 + -50. Let x(y) = -3*y**3 - 2*y**2 + 2*y. Let c be x(3). Let w = q - c. What is the tens digit of w?
3
Let d be 1 + -4 + 32/4. Let j(c) = 0 + 2*c - d - 2. What is the units digit of j(7)?
7
Let o be 13/(-4) - (-3)/12. What is the tens digit of 12 + (o - -6 - 1)?
1
Let m = 189 + -95. Let q = m + -35. What is the tens digit of q?
5
Let j(l) = l**3 - 3*l**2 - 4*l + 6. Let k be (-2)/(-7) + 26/7. Let u be j(k). Suppose -1 = -a - s, -5*s - 1 = u*a - 4*a. What is the units digit of a?
2
Suppose 4*k = -5*t + 548, -3*t + 3*k + 457 = t. Suppose 4*y = -4 + t. What is the units digit of y?
7
Let m(w) = w**3 + 8*w**2 - 5*w. Let j(h) = h**3 + h. Let c(n) = -2*j(n) + m(n). What is the tens digit of c(5)?
4
Suppose 0 = -784*h + 770*h + 36820. What is the thousands digit of h?
2
Let b = -863 + 1544. What is the hundreds digit of b?
6
Let m(l) = 3*l**2 + 1 - 26*l**3 - 16*l**3 - 5*l**2. Suppose -3 = -5*x + 8*x. What is the units digit of m(x)?
1
Suppose -841 = -h + 265. What is the thousands digit of h?
1
Suppose j - 2*d = 3*d + 132, 3*d - 528 = -4*j. Suppose 0*b + 4*b - j = 0. Suppose -b = 4*v - 5*v. What is the units digit of v?
3
Suppose 3*l - 117 = -0*l. Suppose 135 = -5*k - 4*k. Let d = l + k. What is the tens digit of d?
2
Suppose 4*b + 3*y = 3*b - 10, -4*y - 24 = -4*b. Suppose -8 = -b*v + 58. Suppose v = -16*p + 17*p. What is the tens digit of p?
3
Let g(i) = i**3 - 4*i**2 + 16*i - 1. Suppose 0 = w + 12 - 19. What is the units digit of g(w)?
8
Suppose 5*p - 3*w = 178, 2*p - w - 84 = -3*w. Suppose -l = 2*l - 12, -3*b = -l - p. What is the tens digit of b?
1
What is the hundreds digit of 947 - (-5 - (-15 + 4/1))?
9
Suppose -5*v + 7*p - 2*p + 25 = 0, -5*p + 25 = 5*v. Let z(u) = v + 0 - 4 - 13*u. What is the tens digit of z(-2)?
2
Let j(f) = -1289*f**3 - 3*f**2 - 5*f - 3. What is the hundreds digit of j(-1)?
2
Suppose -3*z - 596 = -2*n - 204, -3*n + 2*z + 578 = 0. Suppose -17*j + n + 694 = 0. What is the tens digit of j?
5
Let g(v) = v**3 + 6*v**2 - 3*v + 8. Suppose 3*o + 3*t = -15, o + 44 = -3*o + 2*t. Let q be 27/o + (-3 - 0). What is the units digit of g(q)?
6
Suppose -19*s = 9*s - 84. What is the units digit of s?
3
Let a(n) = -n**2 - 1. Let i(q) = -3*q**2 + 7*q - 12. Let k(y) = a(y) - i(y). What is the units digit of k(6)?
1
Let w(x) = 2*x**2 - 6*x + 5. Let f = -10 + 11. Let p = f + 4. What is the units digit of w(p)?
5
Suppose -6*s + 2*s = -17120. What is the thousands digit of s?
4
Let c = 4432 + -1308. What is the units digit of c?
4
Let a = -30 - -10. Let n = a - -36. What is the tens digit of n?
1
Let k(o) = -199*o + 66. What is the hundreds digit of k(-4)?
8
Let q be 56/30 + (-8)/(-60). Suppose 2*g + 35 = 3*g. Suppose -j = -q*x - 35, 4*x - g = -j + x. What is the units digit of j?
5
Let s = -5 - -6. Let k = -35 + 40. Suppose -s = d - k. What is the units digit of d?
4
Let g(a) = -a + 28. Let z be g(19). Suppose z*n - 6*n - 96 = 0. What is the tens digit of n?
3
Let u be 570/240 + ((-6)/16 - 0). Suppose 2*v + 2 = 4*v. Suppose u*z - 73 = -v. What is the tens digit of z?
3
Suppose 104650 = -84*m + 351610. What is the tens digit of m?
4
Let h(q) = 22*q - 58. What is the hundreds digit of h(30)?
6
Let q be 2 - ((-3)/3 - -4). What is the units digit of 5*(-6)/5*q?
6
Let